{"id":6094,"date":"2022-03-09T15:57:37","date_gmt":"2022-03-09T14:57:37","guid":{"rendered":"https:\/\/www.ffpjp69.com\/?page_id=6094"},"modified":"2026-04-21T10:26:41","modified_gmt":"2026-04-21T08:26:41","slug":"tirage-et-resultats-cdc-open","status":"publish","type":"page","link":"https:\/\/www.ffpjp69.com\/index.php\/tirage-et-resultats-cdc-open\/","title":{"rendered":"Tirage et r\u00e9sultats CDC open"},"content":{"rendered":"\t\t<div data-elementor-type=\"wp-page\" data-elementor-id=\"6094\" class=\"elementor elementor-6094\">\n\t\t\t\t\t\t<div class=\"elementor-inner\">\n\t\t\t\t<div class=\"elementor-section-wrap\">\n\t\t\t\t\t\t\t\t\t<section class=\"elementor-section elementor-top-section elementor-element elementor-element-8adf264 elementor-section-boxed elementor-section-height-default elementor-section-height-default\" data-id=\"8adf264\" data-element_type=\"section\">\n\t\t\t\t\t\t<div class=\"elementor-container elementor-column-gap-default\">\n\t\t\t\t\t\t\t<div class=\"elementor-row\">\n\t\t\t\t\t<div class=\"elementor-column elementor-col-100 elementor-top-column elementor-element elementor-element-48d1ca0\" data-id=\"48d1ca0\" data-element_type=\"column\">\n\t\t\t<div class=\"elementor-column-wrap elementor-element-populated\">\n\t\t\t\t\t\t\t<div class=\"elementor-widget-wrap\">\n\t\t\t\t\t\t<div class=\"elementor-element elementor-element-4fb87e3 elementor-widget elementor-widget-text-editor\" data-id=\"4fb87e3\" data-element_type=\"widget\" data-widget_type=\"text-editor.default\">\n\t\t\t\t<div class=\"elementor-widget-container\">\n\t\t\t\t\t\t\t\t<div class=\"elementor-text-editor elementor-clearfix\">\n\t\t\t\t<h1 style=\"text-align: center;\"><strong>2026<\/strong><\/h1><p style=\"text-align: center;\"><span style=\"color: #ff0000;\"><strong>Sous r\u00e9serve de modification de lieux de rencontres<\/strong><\/span><\/p>\t\t\t\t\t<\/div>\n\t\t\t\t\t\t<\/div>\n\t\t\t\t<\/div>\n\t\t\t\t\t\t<\/div>\n\t\t\t\t\t<\/div>\n\t\t<\/div>\n\t\t\t\t\t\t\t\t<\/div>\n\t\t\t\t\t<\/div>\n\t\t<\/section>\n\t\t\t\t<section class=\"elementor-section elementor-top-section elementor-element elementor-element-e96e9da elementor-section-boxed elementor-section-height-default elementor-section-height-default\" data-id=\"e96e9da\" data-element_type=\"section\">\n\t\t\t\t\t\t<div class=\"elementor-container elementor-column-gap-default\">\n\t\t\t\t\t\t\t<div class=\"elementor-row\">\n\t\t\t\t\t<div class=\"elementor-column elementor-col-100 elementor-top-column elementor-element elementor-element-b809a32\" data-id=\"b809a32\" data-element_type=\"column\">\n\t\t\t<div class=\"elementor-column-wrap elementor-element-populated\">\n\t\t\t\t\t\t\t<div class=\"elementor-widget-wrap\">\n\t\t\t\t\t\t<div class=\"elementor-element elementor-element-c4a1bdf elementor-widget elementor-widget-pdfjs_viewer\" data-id=\"c4a1bdf\" data-element_type=\"widget\" data-widget_type=\"pdfjs_viewer.default\">\n\t\t\t\t<div class=\"elementor-widget-container\">\n\t\t\t<iframe src=\"https:\/\/www.ffpjp69.com\/wp-content\/plugins\/pdf-viewer-for-elementor\/assets\/pdfjs\/web\/viewer.html?file=https:\/\/www.ffpjp69.com\/wp-content\/uploads\/2026\/04\/CDC-OPEN-2026-TIRAGES-ET-RESULTATS-1.pdf&amp;embedded=true\" style=\"display: block; margin-left: auto; margin-right: auto; width: 640px; height: 1020px;\" frameborder=\"1\" marginheight=\"0px\" marginwidth=\"0px\" allowfullscreen><\/iframe>\t\t<\/div>\n\t\t\t\t<\/div>\n\t\t\t\t\t\t<\/div>\n\t\t\t\t\t<\/div>\n\t\t<\/div>\n\t\t\t\t\t\t\t\t<\/div>\n\t\t\t\t\t<\/div>\n\t\t<\/section>\n\t\t\t\t<section class=\"elementor-section elementor-top-section elementor-element elementor-element-9403407 elementor-section-boxed elementor-section-height-default elementor-section-height-default\" data-id=\"9403407\" data-element_type=\"section\">\n\t\t\t\t\t\t<div class=\"elementor-container elementor-column-gap-default\">\n\t\t\t\t\t\t\t<div class=\"elementor-row\">\n\t\t\t\t\t<div class=\"elementor-column elementor-col-100 elementor-top-column elementor-element elementor-element-2cd0127\" data-id=\"2cd0127\" data-element_type=\"column\">\n\t\t\t<div class=\"elementor-column-wrap elementor-element-populated\">\n\t\t\t\t\t\t\t<div class=\"elementor-widget-wrap\">\n\t\t\t\t\t\t<div class=\"elementor-element elementor-element-b9c4380 elementor-widget elementor-widget-text-editor\" data-id=\"b9c4380\" data-element_type=\"widget\" data-widget_type=\"text-editor.default\">\n\t\t\t\t<div class=\"elementor-widget-container\">\n\t\t\t\t\t\t\t\t<div class=\"elementor-text-editor elementor-clearfix\">\n\t\t\t\t<h5><span style=\"color: #800000;\">Calcul des points :<\/span><\/h5><div><span style=\"color: #800000;\">Rencontre gagn\u00e9e 3 pts<\/span><br \/><span style=\"color: #800000;\">Match nul\u00a0 \u00a0 \u00a0 \u00a0 \u00a0 \u00a0 \u00a0 \u00a0 2 pts<\/span><br \/><span style=\"color: #800000;\">Rencontre perdue\u00a0 1 pts<\/span><br \/><span style=\"color: #800000;\">Le goal average et le classement seront calcul\u00e9s apr\u00e8s la derni\u00e8re rencontre.<\/span><span style=\"color: #800000;\">\u00a0\u00a0<\/span><\/div><div><span style=\"color: #800000;\">\u00a0<\/span><\/div><div><span style=\"color: #800000;\">\u00a0<\/span><span style=\"color: #800000;\">Sous r\u00e9serve des mont\u00e9es ou descentes d&rsquo;\u00e9quipes de CRC, et en dehors de la premi\u00e8re division qui demandera un barrage pour l&rsquo;accession en CRC, les premiers de poules montent en division sup\u00e9rieure, les deuxi\u00e8mes, troisi\u00e8mes et quatri\u00e8mes sont maintenus et les cinqui\u00e8mes et sixi\u00e8mes descendent en division inf\u00e9rieure.<\/span><\/div><p>\u00a0<\/p><div>\u00a0<\/div>\t\t\t\t\t<\/div>\n\t\t\t\t\t\t<\/div>\n\t\t\t\t<\/div>\n\t\t\t\t\t\t<\/div>\n\t\t\t\t\t<\/div>\n\t\t<\/div>\n\t\t\t\t\t\t\t\t<\/div>\n\t\t\t\t\t<\/div>\n\t\t<\/section>\n\t\t\t\t\t\t\t\t\t<\/div>\n\t\t\t<\/div>\n\t\t\t\t\t<\/div>\n\t\t","protected":false},"excerpt":{"rendered":"<p>2026 Sous r\u00e9serve de modification de lieux de rencontres Calcul des points : Rencontre gagn\u00e9e&#8230;<\/p>\n","protected":false},"author":1,"featured_media":5690,"parent":0,"menu_order":0,"comment_status":"closed","ping_status":"closed","template":"","meta":{"footnotes":""},"class_list":["post-6094","page","type-page","status-publish","has-post-thumbnail","hentry"],"_links":{"self":[{"href":"https:\/\/www.ffpjp69.com\/index.php\/wp-json\/wp\/v2\/pages\/6094","targetHints":{"allow":["GET"]}}],"collection":[{"href":"https:\/\/www.ffpjp69.com\/index.php\/wp-json\/wp\/v2\/pages"}],"about":[{"href":"https:\/\/www.ffpjp69.com\/index.php\/wp-json\/wp\/v2\/types\/page"}],"author":[{"embeddable":true,"href":"https:\/\/www.ffpjp69.com\/index.php\/wp-json\/wp\/v2\/users\/1"}],"replies":[{"embeddable":true,"href":"https:\/\/www.ffpjp69.com\/index.php\/wp-json\/wp\/v2\/comments?post=6094"}],"version-history":[{"count":411,"href":"https:\/\/www.ffpjp69.com\/index.php\/wp-json\/wp\/v2\/pages\/6094\/revisions"}],"predecessor-version":[{"id":19814,"href":"https:\/\/www.ffpjp69.com\/index.php\/wp-json\/wp\/v2\/pages\/6094\/revisions\/19814"}],"wp:featuredmedia":[{"embeddable":true,"href":"https:\/\/www.ffpjp69.com\/index.php\/wp-json\/wp\/v2\/media\/5690"}],"wp:attachment":[{"href":"https:\/\/www.ffpjp69.com\/index.php\/wp-json\/wp\/v2\/media?parent=6094"}],"curies":[{"name":"wp","href":"https:\/\/api.w.org\/{rel}","templated":true}]}}